-28*b - 24. Let s(q) = 51*q + 45. Let p(r) = -11*d(r) - 6*s(r). Determine p(x).
-14
Suppose 25*b = 27*b - 2. Suppose b = -6*j - 29. Let l(y) = y + 11. Determine l(j).
6
Let z(p) = 25*p**2 - 44*p + 390. Let f(v) = -v**2 + 3*v - 26. Let s(u) = -15*f(u) - z(u). Let h be (-2 + 2)/3 - -1. Calculate s(h).
-11
Let b(r) = 5*r**3 - 12*r**2 - 5*r + 4. Let l(o) = o**3 - 3*o**2 - o. Let k(j) = b(j) - 4*l(j). Let i be k(0). Let s(d) = -d**2 - 2*d + 1. What is s(i)?
-23
Let a be (-81)/18*1/((-9)/6). Let i be a + -10 - (3 - (-40)/(-5)). Let g(v) = -2*v**3 - 4*v**2 - 2*v + 1. Determine g(i).
5
Let v(y) = -y - 2. Let t be v(4). Suppose -6*q + 16 = 4. Let z(p) = -3*p + 7*p**q - 4*p**3 + 10*p + 2 + 5*p**3. What is z(t)?
-4
Let j(t) be the first derivative of 7*t**2/2 - 1. Suppose -u = -4*d - 3, 3*d + 18 = 4*d - 4*u. Let f(a) = -a. Let w(y) = d*j(y) - 10*f(y). Calculate w(1).
-4
Suppose -773 = -84*d + 418 + 405. Let u(s) = -s**3 + 18*s**2 + 15*s + 79. Give u(d).
3
Let b(s) = 3*s + 23 - 4*s + 2*s. Let q be b(-20). Suppose -q*a = 6*a - 27. Let m(g) = -3*g + 2. Calculate m(a).
-7
Suppose -35 = 6*s + 19. Suppose 13 = -3*v + 1. Let u = s - v. Let z(b) = b**3 + 5*b**2 - 2*b - 6. Determine z(u).
4
Let l(x) = -57 - 1522*x - 1497*x + 3023*x. What is l(17)?
11
Let w(v) be the second derivative of -7*v**4/12 + 73*v**3/6 - 7*v**2 - 66*v + 24. Determine w(10).
16
Let k(o) = -15 - 17*o + 208*o**2 - 440*o**2 + 230*o**2. What is k(-5)?
20
Let m(h) be the first derivative of 13/2*h**2 + 1/3*h**3 + 8*h + 83. Determine m(-12).
-4
Let a(d) = 12*d - 12. Suppose 4*p - 3*o - 13 = 0, 54*p - 51*p = o + 16. Determine a(p).
72
Let c(m) = m + 1. Let p = 441 - 446. Let y(n) = n - 6. Let l(w) = p*c(w) - y(w). Calculate l(1).
-5
Let d(h) = -69*h**2 + 155*h - 38186 + 38215 + 63*h**2. Determine d(26).
3
Let i(v) = 140*v**3 + 47*v**2 - 17*v - 50. Let a(f) = 51*f**3 + 16*f**2 - 6*f - 17. Let w(u) = -11*a(u) + 4*i(u). Let d = -28 - -40. What is w(d)?
-37
Let l(k) = k**2 + k - 4. Suppose -43*r - 3*r = -1150. Let o = -20 + r. Determine l(o).
26
Let y(c) = 68*c - 818. Let i be y(12). Let j(p) = -5*p - 20. Determine j(i).
-10
Let f(m) = m**3 + 10*m**2 + 3*m + 17. Suppose -6*n - 66 = -240*a + 241*a, -2*n + 3*a - 2 = 0. What is f(n)?
-13
Let m(s) = -s**3 + 2*s**2 - 4*s + 3. Let i(y) = 2*y + 121. Let t be i(38). Suppose t = -5*k + 207. Give m(k).
-5
Let n be 8/5 - (-4)/10. Let a(z) = 6*z**2 - z**3 + 3*z**2 - 3*z + n*z**2 - 5*z**2. Let b be 45/9 - (1 - 5/(-5)). Determine a(b).
18
Let b(t) be the third derivative of -2*t**5/15 + t**4/24 - t**3/6 - t**2. Let w be (-22)/44 + (-24)/(-16). Determine b(w).
-8
Let g = 40248 + -40246. Let x(h) be the third derivative of 40*h**g + 0*h + 0*h**3 + 0 + 1/60*h**5 - 5/24*h**4. What is x(4)?
-4
Let x(i) = i**3 - 3*i**2 - 4*i + 5. Suppose 0 = 2*y - y - 4. Suppose 3 = c, -j = -0*j + y*c - 28. Suppose -98*d = -94*d - j. Give x(d).
5
Let k(c) = 7*c**2 - 2*c + 2. Let m(f) = 27*f**2 - 7*f + 14. Let i(r) = 4*k(r) - m(r). Suppose -2*b - 4 = 5*h, 0 = -h + 3*b + 1 + 5. Give i(h).
-6
Let x(d) = 2*d**2 + 71*d + 75. Let b be x(-35). Suppose -3*c - 2*l - 24 = -l, 0 = -5*c + l - b. Let w(u) = -u**3 - 6*u**2 + 17*u. What is w(c)?
-8
Let s(b) = 2*b**2 - 13*b + 20. Let k(h) = -h**2 + 13*h - 34. Let a(q) = -3*k(q) - 2*s(q). Calculate a(-16).
14
Let k(b) be the first derivative of -3*b**2/2 + 39*b + 2735. What is k(11)?
6
Let c(h) = h**2 - 6*h + 10. Let x(k) = k**3 - 29*k**2 + 139*k - 19. Let o = -37 + 60. Let s be x(o). What is c(s)?
2
Let a(h) be the first derivative of -97*h**4/4 + 2*h**3/3 + h**2/2 - 3*h + 4245. What is a(1)?
-97
Let j(c) be the third derivative of -1/3*c**4 + 0 + 0*c**3 + 0*c + 12*c**2 + 1/60*c**5. Let g = 27 - 20. Determine j(g).
-7
Suppose -45*v - 4*v + 18 = -80. Let b(z) = 9*z - 14. Calculate b(v).
4
Let p(y) = -5*y**2 + 4*y - 4. Suppose 11*x - 2*a = 6*x + 396, 3*a + 394 = 5*x. Suppose x = -25*v + 155. Determine p(v).
-37
Suppose -4*s = -s - 15. Let h(d) = d**2 - 4*d - 27. Let b(u) = 11. Let p(x) = -2*b(x) - h(x). What is p(s)?
0
Let s(g) = -64*g**3 + g**2 + 3*g - 2. Let c be s(2). Let p be (-2142)/c - (1 + 6/(-8)). Let i(j) = j**3 - 6*j**2 + 5*j + 4. Calculate i(p).
-8
Let y(j) = -j**3 - 41*j**2 + 45*j + 127. Let u be (-496)/(-11160) - (-1892)/(-45). Determine y(u).
1
Let v(u) be the third derivative of 0 + 1/12*u**4 + 1/3*u**3 + 1/120*u**6 + 6*u**2 + 0*u - 1/15*u**5. Determine v(4).
10
Let u(c) = 2*c**2 + 9*c + 8. Let g(q) = -q**2 + 21*q + 6. Let f be g(0). Suppose -f*o = 38*o + 220. Calculate u(o).
13
Let n(j) = j**3 - 20*j**2 + 20*j - 16. Let g(m) = -3*m + 30. Let x be g(15). Let d(f) = f + 34. Let w be d(x). Let c be n(w). Let s(q) = q - 2. Calculate s(c).
1
Let d(b) = -b**2 + 8*b - 2. Let y(x) = -6*x - 5. Let a be y(-2). Let z be d(a). Let f(o) = -z - 4 + o + 3 + o. Calculate f(-5).
-16
Suppose -2*v + 2 = 2*b, -v - 3*b - 5 = b. Let a(l) = -l**v + l**2 + 0*l**2 - 2 - 2 - l. Suppose 25*o = 28*o - 3*h - 6, 5*h + 10 = -4*o. What is a(o)?
-4
Let y(h) = -h**2 - 16*h - 16. Let j be 4 + (-4)/1 + 6. Suppose j*m = 19 - 109. Give y(m).
-1
Let c(k) be the third derivative of k**5/60 - 5*k**4/24 - 4*k**3/3 + 4*k**2 + 1. Let f(o) = -1. Let n(r) = c(r) - 6*f(r). Give n(4).
-6
Let r(z) = 2*z**3 + 2*z**2 - 5*z + 6. Suppose 0 = d + 300 - 297. Let s(g) = 3*g**3 + 3*g**2 - 7*g + 8. Let y(v) = d*s(v) + 4*r(v). What is y(0)?
0
Let o(t) = t**3 - 6*t**2 - 4. Let w = 111 + -109. Suppose w*v + 3*c - 14 = 0, c - 18 = -14*v + 10*v. Suppose s = -v*i + 25, 0 = i - 2*i - 2*s + 8. Give o(i).
-4
Let n = -98441 - -98448. Let h(x) = 5. Let g(o) = o - 1. Let p(v) = 3*g(v) + h(v). Give p(n).
23
Let b(c) = -56 + 7*c**3 - 9*c**3 - 31 + 12*c**2 + 90 + 9*c. Give b(6).
57
Suppose 6*p + 28 = x + 74, 2*x - 4 = 0. Let a(t) = 2*t - 16. What is a(p)?
0
Let i(b) be the second derivative of 453*b - 1/2*b**2 - 1/4*b**4 - 1/20*b**5 + 5/6*b**3 + 0. Let s be 8*((-6)/4)/3. Give i(s).
-5
Let n(p) be the second derivative of 1/2*p**3 + 2*p**2 - 174*p + 0. What is n(2)?
10
Let d(w) = -5 - 2 - 3*w + 5*w. Let c be 13*(65/(-7) + (-4)/(-14)). Let f = 124 + c. Calculate d(f).
7
Let w(j) = 6*j - 3117 + 1043 + 1029 + 1046. Suppose 0*f = -5*c + 2*f + 5, -20 = 4*f. Determine w(c).
-5
Suppose -3*a + 34 = -4*u, a = -3*u + 6*a - 31. Let x be 64/112 - 24/u. Suppose 5*r - 3 = x*w - 0, 0 = -w + r - 1. Let o(y) = -2*y**2 - 2*y - 1. What is o(w)?
-5
Suppose -2*q - 3*g = 3*q - 15, -q - 5*g + 3 = 0. Let m(l) = -5 - 6 + 9 + l**q - 3 - l - 3*l**2. Give m(4).
7
Let j be 4/(-3)*525/140. Let k(b) = -3*b**2 - 13*b - 1. What is k(j)?
-11
Suppose 0 = b - i - 9, -3*b - 3*i + 0 = 9. Let v(t) = -5*t**2 - 1. Calculate v(b).
-46
Let h(m) be the second derivative of m**4/12 + m**3/6 - 85*m**2/2 - 31*m + 6. What is h(0)?
-85
Let i(b) = b**3 + b**2. Suppose n - 107 + 108 = 0. Let q(p) = 7*p**3 + 3*p**2 + 3*p - 1. Let a(u) = n*q(u) + 5*i(u). Calculate a(2).
-13
Let w = -320 - -320. Suppose w = -6*k + 13*k - k. Let t(s) = -s + 12. What is t(k)?
12
Suppose -2935*h - 180 = -2971*h. Let x(w) = -2 - w**2 - 1 + 7*w - 2*w. Give x(h).
-3
Let k(s) be the third derivative of -5*s**4/12 - 17*s**3/3 + 3155*s**2. What is k(-7)?
36
Let r be 21/21 + -1 + 4. Let d(u) = 53 - 30 + r - u. Determine d(0).
27
Let a be 1*((-2 - 6) + 8). Suppose 13*k - 5*k + 32 = a. Let p(q) = 13*q + 5. Determine p(k).
-47
Let u(d) = 5*d - 21. Let r be u(6). Suppose -8*c + 0*c + 128 = 0. Let h(s) = s + r + 7 - c. What is h(-2)?
-2
Let i(g) = g - 1. Let a(j) = -6 + 1 + j + 8 + j. Let t(d) = -a(d) - i(d). Let z = -311 + 303. Determine t(z).
22
Let x(v) = -3*v + 5. Let h(c) = -11*c - 37*c**3 + 36*c**3 - 8*c**2 - 18 - 2*c**2. Let j be h(-9). Suppose o = 6 - j. Calculate x(o).
-13
Let n(q) be the third derivative of -q**7/1008 + q**6/120 - q**5/60 - 7*q**4/6 + 2*q**2 - 16. Let u(d) be the third derivative of n(d). Calculate u(-5).
31
Let k(j) = -j**2 - 6*j - 1. Suppose -3*m = -0*m - 3. Let i(a) = -3*a**2 - 5*a + 0 + 0*a**2 + 0*a**2 + 4. Let n be i(m). What is k(n)?
7
Let v(r) = -3*r**3 + 9*r**2 - 2*r + 6. Let t(x) = 4*x**3 - 11*x**2 + 5*x - 5. Let p(s) = -2*t(s) - 3*v(s). Determine p(6).
4
Let m(i) be the first derivative of i**2/2 - 3*i + 2. Let r(v) = 2*v - 5. Let x be r(0). Give m(x).
-8
Let i(g) be the second derivative of -g**3/6 - 245*g. Give i(-16).
16
Let t(h) = -9*h - 167. Let y be